{"id":2324,"date":"2016-06-15T09:29:52","date_gmt":"2016-06-15T09:29:52","guid":{"rendered":"http:\/\/gav.hr\/?page_id=2324"},"modified":"2025-07-05T16:08:17","modified_gmt":"2025-07-05T14:08:17","slug":"upisi","status":"publish","type":"page","link":"https:\/\/gav.hr\/?page_id=2324","title":{"rendered":"Upisi"},"content":{"rendered":"\n<h2 class=\"has-text-align-center\"><strong><u>UPISI U PRVE RAZREDE U \u0160K. GOD. 2025.\/2026.<\/u><\/strong><\/h2>\n\n\n\n<p><strong><u>UPISI U PRVE RAZREDE U \u0160K. GOD. 2025.\/2026.<\/u><\/strong><\/p>\n\n\n\n<p>Prema kalendaru upisnih aktivnosti u ponedjeljak 7. 7. 2025. u 12 sati ljestvice poretka u\u010denika za upis u prve razrede postaju kona\u010dne.<\/p>\n\n\n\n<p>U\u010denik svoj upis potvr\u0111uje vlastoru\u010dnim potpisom i potpisom roditelja\/skrbnika na obrascu (upisnici) dostupnom na mre\u017enoj stranici NISpuS\u0160-a (<a href=\"https:\/\/srednje.e-upisi.hr\">https:\/\/srednje.e-upisi.hr<\/a>) koju je du\u017ean donijeti osobno u srednju \u0161kolu (na upis mogu do\u0107i u\u010denici bez roditelja, ali napominjemo\u00a0<strong>uz potpisanu upisnicu od strane roditelja i u\u010denika!) <\/strong>ili dostaviti elektroni\u010dkim putem (skeniranu ili slikanu) na e-adresu: <a href=\"<script>MailGuard('gimnazija','gav.hr')<\/script>\"><script>MailGuard('gimnazija','gav.hr')<\/script><\/a>. <strong>Upisnicu elektroni\u010dkim putem mo\u017ee poslati samo roditelj\/skrbnik, a u e-poruci du\u017ean je dostaviti i svoj osobni kontakt (broj telefona\/broj mobitela) kako bi ga \u0161kola mogla kontaktirati.<\/strong><\/p>\n\n\n\n<p>Napominjemo kako vrijede samo upisnice iz sustava srednje.e-upisi.hr.<\/p>\n\n\n\n<p>Upisi u Gimnaziju \u0107e se odvijati po slijede\u0107em rasporedu&nbsp;<strong>u u\u010dionici br. 11 na 1. katu<\/strong>:<\/p>\n\n\n\n<p><strong>UTORAK, 8. 7. 2025. od 8:30 do 12:30 sati<\/strong><\/p>\n\n\n\n<p><strong>SRIJEDA, 9. 7. 2025.<\/strong><strong> od 8:30 do 12:30 sati<\/strong><br><br><strong><\/strong><\/p>\n\n\n\n<p>Prilikom upisa u 1. razred u\u010denici \u0107e ispuniti anketni upitnik o interesu za u\u010denje<strong> fakultativnog<\/strong> <strong>predmeta<\/strong> (ako \u017eele u\u010diti talijanski, njema\u010dki ili portugalski jezik kao fakultativni predmet 2 sata tjedno) preko poveznice:<\/p>\n\n\n\n<p><a href=\"https:\/\/forms.gle\/vHiQBjCP1teamBFC8\">https:\/\/forms.gle\/vHiQBjCP1teamBFC8<\/a><\/p>\n\n\n\n<p>NA UPIS JE POTREBNO DONIJETI ILI POSLATI ELEKTRONI\u010cKIM PUTEM (skenirano ili slikano):<\/p>\n\n\n\n<ul><li><strong>Upisnicu<\/strong>\u00a0potpisanu od strane roditelja\/skrbnika i u\u010denika (iz sustava <a href=\"https:\/\/srednje.e-upisi.hr\">https:\/\/srednje.e-upisi.hr<\/a> )<\/li><li><strong>Kopiju uplatnice ili dokaz o izvr\u0161enoj uplati<\/strong>\u00a0(ogledni primjer uplatnice u prilogu, a uplatu izvr\u0161iti u po\u0161ti, banci, fini, internet bankarstvom\u2026)<\/li><li><strong>Dokumente s kojima je u\u010denik ostvario pravo na poseban element vrednovanja\u00a0<\/strong>(zdravstvene te\u0161ko\u0107e, ote\u017eani uvjeti obrazovanja uzrokovani nepovoljnim ekonomskim, socijalnim te odgojnim \u010dimbenicima)<\/li><\/ul>\n\n\n\n<p><em>Upisno povjerenstvo<\/em><br><em>GAV \u0160ibenik<\/em><\/p>\n\n\n\n<figure class=\"wp-block-image size-full\"><a href=\"https:\/\/gav.hr\/wp-content\/uploads\/2025\/07\/image.png\"><img loading=\"lazy\" width=\"962\" height=\"582\" src=\"https:\/\/gav.hr\/wp-content\/uploads\/2025\/07\/image.png\" alt=\"\" class=\"wp-image-13414\" srcset=\"https:\/\/gav.hr\/wp-content\/uploads\/2025\/07\/image.png 962w, https:\/\/gav.hr\/wp-content\/uploads\/2025\/07\/image-300x181.png 300w, https:\/\/gav.hr\/wp-content\/uploads\/2025\/07\/image-768x465.png 768w\" sizes=\"(max-width: 962px) 100vw, 962px\" \/><\/a><\/figure>\n\n\n\n<figure class=\"wp-block-image size-full\"><a href=\"https:\/\/gav.hr\/wp-content\/uploads\/2025\/07\/image-1.png\"><img loading=\"lazy\" width=\"932\" height=\"596\" src=\"https:\/\/gav.hr\/wp-content\/uploads\/2025\/07\/image-1.png\" alt=\"\" class=\"wp-image-13415\" srcset=\"https:\/\/gav.hr\/wp-content\/uploads\/2025\/07\/image-1.png 932w, https:\/\/gav.hr\/wp-content\/uploads\/2025\/07\/image-1-300x192.png 300w, https:\/\/gav.hr\/wp-content\/uploads\/2025\/07\/image-1-768x491.png 768w\" sizes=\"(max-width: 932px) 100vw, 932px\" \/><\/a><\/figure>\n\n\n\n<p><a href=\"http:\/\/gav.hr\/wp-content\/uploads\/2025\/06\/Natjecaj-2025-2026.pdf\">NATJE\u010cAJ ZA UPIS U\u010cENIKA U 1. RAZRED GIMNAZIJE ANTUNA VRAN\u010cI\u0106A U \u0160KOLSKOJ GODINI 2025.\/2026.<\/a><\/p>\n","protected":false},"excerpt":{"rendered":"<p>UPISI U PRVE RAZREDE U \u0160K. GOD. 2025.\/2026. UPISI U PRVE RAZREDE U \u0160K. GOD. 2025.\/2026. Prema kalendaru upisnih aktivnosti u ponedjeljak 7. 7. 2025. u 12 sati ljestvice poretka u\u010denika za upis u prve razrede postaju kona\u010dne. U\u010denik svoj upis potvr\u0111uje vlastoru\u010dnim potpisom i potpisom roditelja\/skrbnika na obrascu (upisnici) dostupnom na mre\u017enoj stranici NISpuS\u0160-a&hellip;<\/p>\n","protected":false},"author":6,"featured_media":0,"parent":0,"menu_order":0,"comment_status":"closed","ping_status":"closed","template":"","meta":{"ngg_post_thumbnail":0,"_links_to":"","_links_to_target":""},"_links":{"self":[{"href":"https:\/\/gav.hr\/index.php?rest_route=\/wp\/v2\/pages\/2324"}],"collection":[{"href":"https:\/\/gav.hr\/index.php?rest_route=\/wp\/v2\/pages"}],"about":[{"href":"https:\/\/gav.hr\/index.php?rest_route=\/wp\/v2\/types\/page"}],"author":[{"embeddable":true,"href":"https:\/\/gav.hr\/index.php?rest_route=\/wp\/v2\/users\/6"}],"replies":[{"embeddable":true,"href":"https:\/\/gav.hr\/index.php?rest_route=%2Fwp%2Fv2%2Fcomments&post=2324"}],"version-history":[{"count":96,"href":"https:\/\/gav.hr\/index.php?rest_route=\/wp\/v2\/pages\/2324\/revisions"}],"predecessor-version":[{"id":13416,"href":"https:\/\/gav.hr\/index.php?rest_route=\/wp\/v2\/pages\/2324\/revisions\/13416"}],"wp:attachment":[{"href":"https:\/\/gav.hr\/index.php?rest_route=%2Fwp%2Fv2%2Fmedia&parent=2324"}],"curies":[{"name":"wp","href":"https:\/\/api.w.org\/{rel}","templated":true}]}}

<h2 class="has-text-align-center"><strong><u>UPISI U PRVE RAZREDE U ŠK. GOD. 2025./2026.</u></strong></h2>



<p><strong><u>UPISI U PRVE RAZREDE U ŠK. GOD. 2025./2026.</u></strong></p>



<p>Prema kalendaru upisnih aktivnosti u ponedjeljak 7. 7. 2025. u 12 sati ljestvice poretka učenika za upis u prve razrede postaju konačne.</p>



<p>Učenik svoj upis potvrđuje vlastoručnim potpisom i potpisom roditelja/skrbnika na obrascu (upisnici) dostupnom na mrežnoj stranici NISpuSŠ-a (<a href="https://srednje.e-upisi.hr">https://srednje.e-upisi.hr</a>) koju je dužan donijeti osobno u srednju školu (na upis mogu doći učenici bez roditelja, ali napominjemo <strong>uz potpisanu upisnicu od strane roditelja i učenika!) </strong>ili dostaviti elektroničkim putem (skeniranu ili slikanu) na e-adresu: <a href="<script>MailGuard('gimnazija','gav.hr')</script>"><script>MailGuard('gimnazija','gav.hr')</script></a>. <strong>Upisnicu elektroničkim putem može poslati samo roditelj/skrbnik, a u e-poruci dužan je dostaviti i svoj osobni kontakt (broj telefona/broj mobitela) kako bi ga škola mogla kontaktirati.</strong></p>



<p>Napominjemo kako vrijede samo upisnice iz sustava srednje.e-upisi.hr.</p>



<p>Upisi u Gimnaziju će se odvijati po slijedećem rasporedu&nbsp;<strong>u učionici br. 11 na 1. katu</strong>:</p>



<p><strong>UTORAK, 8. 7. 2025. od 8:30 do 12:30 sati</strong></p>



<p><strong>SRIJEDA, 9. 7. 2025.</strong><strong> od 8:30 do 12:30 sati</strong><br><br><strong></strong></p>



<p>Prilikom upisa u 1. razred učenici će ispuniti anketni upitnik o interesu za učenje<strong> fakultativnog</strong> <strong>predmeta</strong> (ako žele učiti talijanski, njemački ili portugalski jezik kao fakultativni predmet 2 sata tjedno) preko poveznice:</p>



<p><a href="https://forms.gle/vHiQBjCP1teamBFC8">https://forms.gle/vHiQBjCP1teamBFC8</a></p>



<p>NA UPIS JE POTREBNO DONIJETI ILI POSLATI ELEKTRONIČKIM PUTEM (skenirano ili slikano):</p>



<ul><li><strong>Upisnicu</strong> potpisanu od strane roditelja/skrbnika i učenika (iz sustava <a href="https://srednje.e-upisi.hr">https://srednje.e-upisi.hr</a> )</li><li><strong>Kopiju uplatnice ili dokaz o izvršenoj uplati</strong> (ogledni primjer uplatnice u prilogu, a uplatu izvršiti u pošti, banci, fini, internet bankarstvom…)</li><li><strong>Dokumente s kojima je učenik ostvario pravo na poseban element vrednovanja </strong>(zdravstvene teškoće, otežani uvjeti obrazovanja uzrokovani nepovoljnim ekonomskim, socijalnim te odgojnim čimbenicima)</li></ul>



<p><em>Upisno povjerenstvo</em><br><em>GAV Šibenik</em></p>



<figure class="wp-block-image size-full"><a href="https://gav.hr/wp-content/uploads/2025/07/image.png"><img loading="lazy" width="962" height="582" src="https://gav.hr/wp-content/uploads/2025/07/image.png" alt="" class="wp-image-13414" srcset="https://gav.hr/wp-content/uploads/2025/07/image.png 962w, https://gav.hr/wp-content/uploads/2025/07/image-300x181.png 300w, https://gav.hr/wp-content/uploads/2025/07/image-768x465.png 768w" sizes="(max-width: 962px) 100vw, 962px" /></a></figure>



<figure class="wp-block-image size-full"><a href="https://gav.hr/wp-content/uploads/2025/07/image-1.png"><img loading="lazy" width="932" height="596" src="https://gav.hr/wp-content/uploads/2025/07/image-1.png" alt="" class="wp-image-13415" srcset="https://gav.hr/wp-content/uploads/2025/07/image-1.png 932w, https://gav.hr/wp-content/uploads/2025/07/image-1-300x192.png 300w, https://gav.hr/wp-content/uploads/2025/07/image-1-768x491.png 768w" sizes="(max-width: 932px) 100vw, 932px" /></a></figure>



<p><a href="http://gav.hr/wp-content/uploads/2025/06/Natjecaj-2025-2026.pdf">NATJEČAJ ZA UPIS UČENIKA U 1. RAZRED GIMNAZIJE ANTUNA VRANČIĆA U ŠKOLSKOJ GODINI 2025./2026.</a></p>

<p>UPISI U PRVE RAZREDE U ŠK. GOD. 2025./2026. UPISI U PRVE RAZREDE U ŠK. GOD. 2025./2026. Prema kalendaru upisnih aktivnosti u ponedjeljak 7. 7. 2025. u 12 sati ljestvice poretka učenika za upis u prve razrede postaju konačne. Učenik svoj upis potvrđuje vlastoručnim potpisom i potpisom roditelja/skrbnika na obrascu (upisnici) dostupnom na mrežnoj stranici NISpuSŠ-a&hellip;</p>
