{"id":6881,"date":"2019-07-11T14:12:16","date_gmt":"2019-07-11T12:12:16","guid":{"rendered":"http:\/\/gav.hr\/?page_id=6881"},"modified":"2024-09-27T23:27:10","modified_gmt":"2024-09-27T21:27:10","slug":"vijece-roditelja","status":"publish","type":"page","link":"https:\/\/gav.hr\/?page_id=6881","title":{"rendered":"Vije\u0107e roditelja"},"content":{"rendered":"\n<h4><strong>Zaklju\u010dci i pozivi<\/strong><\/h4>\n\n\n<p>1. listopada &#8211; <a href=\"http:\/\/gav.hr\/wp-content\/uploads\/2024\/09\/Poziv-na-konstituirajucu-sjednicu-Vijeca-roditelja.pdf\">poziv na konstituiraju\u0107u sjednicu vije\u0107a roditelja<\/a><\/p>\n<p><strong><a href=\"http:\/\/gav.hr\/wp-content\/uploads\/2022\/09\/Poziv-na-konstituirajucu-sjednicu-Vijeca-roditelja.pdf\">3. listopada 2022. &#8211; poziv na konstituiraju\u0107u sjednicu vije\u0107a roditelja<\/a><\/strong><\/p>\n<p><a href=\"http:\/\/gav.hr\/wp-content\/uploads\/2021\/10\/Vije\u0107e-roditelja-poziv-na-konstituiraju\u0107u-sjednicu.pdf\"><strong>4 .listopada 2021. &#8211; poziv na konstituiraju\u0107u sjednicu vije\u0107a roditelja<\/strong><\/a><\/p>\n<p><strong><a href=\"http:\/\/gav.hr\/wp-content\/uploads\/2020\/10\/Poziv-VR-2020-konstituiraju\u0107a-sjednica.docx\">5.listopada 2020. &#8211; poziv na konstituiraju\u0107u sjednicu vije\u0107a roditelja<\/a><\/strong><\/p>\n<p><strong><a href=\"http:\/\/gav.hr\/wp-content\/uploads\/2019\/08\/Poziv-na-4.-sjednicu-Vije\u0107a-roditelja-2019.pdf\">29. kolovoza 2019. &#8211; 4. sjednica Vije\u0107a roditelja<\/a><\/strong><\/p>\n<p><strong><a href=\"http:\/\/gav.hr\/wp-content\/uploads\/2019\/08\/Poziv-sjednica-V.R.-2019-2-predstavljanje-kandidata.pdf\">29. kolovoza 2019. &#8211; sjednica Vije\u0107a roditelja &#8211; predstavljanje kandidata\/kinja za ravnatelja\/icu \u0161kole<\/a><\/strong><\/p>\n<p><a href=\"http:\/\/gav.hr\/wp-content\/uploads\/2019\/07\/Poziv-na-3.-sjednicu-Vije%C4%87a-roditelja-2019.-converted.pdf\">11. srpnja 2019. &#8211; 3. sjednica Vije\u0107a roditelja<\/a><\/p>\n<p>&nbsp;<\/p>","protected":false},"excerpt":{"rendered":"<p>Zaklju\u010dci i pozivi 1. listopada &#8211; poziv na konstituiraju\u0107u sjednicu vije\u0107a roditelja 3. listopada 2022. &#8211; poziv na konstituiraju\u0107u sjednicu vije\u0107a roditelja 4 .listopada 2021. &#8211; poziv na konstituiraju\u0107u sjednicu vije\u0107a roditelja 5.listopada 2020. &#8211; poziv na konstituiraju\u0107u sjednicu vije\u0107a roditelja 29. kolovoza 2019. &#8211; 4. sjednica Vije\u0107a roditelja 29. kolovoza 2019. &#8211; sjednica Vije\u0107a&hellip;<\/p>\n","protected":false},"author":2,"featured_media":0,"parent":0,"menu_order":0,"comment_status":"closed","ping_status":"closed","template":"","meta":{"ngg_post_thumbnail":0,"_links_to":"","_links_to_target":""},"_links":{"self":[{"href":"https:\/\/gav.hr\/index.php?rest_route=\/wp\/v2\/pages\/6881"}],"collection":[{"href":"https:\/\/gav.hr\/index.php?rest_route=\/wp\/v2\/pages"}],"about":[{"href":"https:\/\/gav.hr\/index.php?rest_route=\/wp\/v2\/types\/page"}],"author":[{"embeddable":true,"href":"https:\/\/gav.hr\/index.php?rest_route=\/wp\/v2\/users\/2"}],"replies":[{"embeddable":true,"href":"https:\/\/gav.hr\/index.php?rest_route=%2Fwp%2Fv2%2Fcomments&post=6881"}],"version-history":[{"count":18,"href":"https:\/\/gav.hr\/index.php?rest_route=\/wp\/v2\/pages\/6881\/revisions"}],"predecessor-version":[{"id":12962,"href":"https:\/\/gav.hr\/index.php?rest_route=\/wp\/v2\/pages\/6881\/revisions\/12962"}],"wp:attachment":[{"href":"https:\/\/gav.hr\/index.php?rest_route=%2Fwp%2Fv2%2Fmedia&parent=6881"}],"curies":[{"name":"wp","href":"https:\/\/api.w.org\/{rel}","templated":true}]}}

Vijeće roditelja

<h4><strong>Zaključci i pozivi</strong></h4>


<p>1. listopada &#8211; <a href="http://gav.hr/wp-content/uploads/2024/09/Poziv-na-konstituirajucu-sjednicu-Vijeca-roditelja.pdf">poziv na konstituirajuću sjednicu vijeća roditelja</a></p>
<p><strong><a href="http://gav.hr/wp-content/uploads/2022/09/Poziv-na-konstituirajucu-sjednicu-Vijeca-roditelja.pdf">3. listopada 2022. &#8211; poziv na konstituirajuću sjednicu vijeća roditelja</a></strong></p>
<p><a href="http://gav.hr/wp-content/uploads/2021/10/Vijeće-roditelja-poziv-na-konstituirajuću-sjednicu.pdf"><strong>4 .listopada 2021. &#8211; poziv na konstituirajuću sjednicu vijeća roditelja</strong></a></p>
<p><strong><a href="http://gav.hr/wp-content/uploads/2020/10/Poziv-VR-2020-konstituirajuća-sjednica.docx">5.listopada 2020. &#8211; poziv na konstituirajuću sjednicu vijeća roditelja</a></strong></p>
<p><strong><a href="http://gav.hr/wp-content/uploads/2019/08/Poziv-na-4.-sjednicu-Vijeća-roditelja-2019.pdf">29. kolovoza 2019. &#8211; 4. sjednica Vijeća roditelja</a></strong></p>
<p><strong><a href="http://gav.hr/wp-content/uploads/2019/08/Poziv-sjednica-V.R.-2019-2-predstavljanje-kandidata.pdf">29. kolovoza 2019. &#8211; sjednica Vijeća roditelja &#8211; predstavljanje kandidata/kinja za ravnatelja/icu škole</a></strong></p>
<p><a href="http://gav.hr/wp-content/uploads/2019/07/Poziv-na-3.-sjednicu-Vije%C4%87a-roditelja-2019.-converted.pdf">11. srpnja 2019. &#8211; 3. sjednica Vijeća roditelja</a></p>
<p>&nbsp;</p>

<p>Zaključci i pozivi 1. listopada &#8211; poziv na konstituirajuću sjednicu vijeća roditelja 3. listopada 2022. &#8211; poziv na konstituirajuću sjednicu vijeća roditelja 4 .listopada 2021. &#8211; poziv na konstituirajuću sjednicu vijeća roditelja 5.listopada 2020. &#8211; poziv na konstituirajuću sjednicu vijeća roditelja 29. kolovoza 2019. &#8211; 4. sjednica Vijeća roditelja 29. kolovoza 2019. &#8211; sjednica Vijeća&hellip;</p>
