{"id":8325,"date":"2020-10-09T23:34:22","date_gmt":"2020-10-09T21:34:22","guid":{"rendered":"http:\/\/gav.hr\/?page_id=8325"},"modified":"2026-01-15T22:30:36","modified_gmt":"2026-01-15T20:30:36","slug":"opci-podaci","status":"publish","type":"page","link":"https:\/\/gav.hr\/?page_id=8325","title":{"rendered":"Op\u0107i podaci i kontakti"},"content":{"rendered":"\n<p class=\"has-text-align-center has-normal-font-size\"><span class=\"has-inline-color has-vivid-red-color\">Gimnazija Antuna Vran\u010di\u0107a<\/span><br>Put Gimnazije 64<br>22000 \u0160ibenik<\/p>\n\n\n\n<p class=\"has-text-align-center has-normal-font-size\"><strong>MATI\u010cNI BROJ : &nbsp;<\/strong> 3875903<br><strong>IBAN: <\/strong>HR1923900011500209483<br><strong>\u0160IFRA :<\/strong> 15-081-506<br><strong>OIB :<\/strong>&nbsp;26870999432<\/p>\n\n\n\n<div class=\"wp-block-image\"><figure class=\"aligncenter size-full is-resized\"><a href=\"http:\/\/gav.hr\/wp-content\/uploads\/2023\/04\/gimnazija.png\"><img loading=\"lazy\" src=\"http:\/\/gav.hr\/wp-content\/uploads\/2023\/04\/gimnazija.png\" alt=\"\" class=\"wp-image-11960\" width=\"131\" height=\"21\"\/><\/a><\/figure><\/div>\n\n\n\n<figure class=\"wp-block-table is-style-stripes\"><table class=\"has-fixed-layout\"><tbody><tr><td class=\"has-text-align-center\" data-align=\"center\"><strong>RAVNATELJ<\/strong><br>Ivan Kne\u017eevi\u0107, prof.<br>TEL: 022\/216-420<br><img loading=\"lazy\" width=\"159\" height=\"22\" class=\"wp-image-11961\" style=\"width: 134px;\" src=\"http:\/\/gav.hr\/wp-content\/uploads\/2023\/04\/ravnatelj.png\" alt=\"\" srcset=\"https:\/\/gav.hr\/wp-content\/uploads\/2023\/04\/ravnatelj.png 159w, https:\/\/gav.hr\/wp-content\/uploads\/2023\/04\/ravnatelj-150x22.png 150w\" sizes=\"(max-width: 159px) 100vw, 159px\" \/><\/td><td class=\"has-text-align-center\" data-align=\"center\"><strong>TAJNI\u0160TVO<\/strong><br>Mario Bo\u017eikov, dipl. iur.<br>TEL: 022\/213-276<br><img loading=\"lazy\" width=\"168\" height=\"20\" class=\"wp-image-11962\" style=\"width: 134px;\" src=\"http:\/\/gav.hr\/wp-content\/uploads\/2023\/04\/gimnazija2.png\" alt=\"\"><\/td><\/tr><tr><td class=\"has-text-align-center\" data-align=\"center\"><strong>RA\u010cUNOVODSTVO<\/strong><br>Kristina Bili\u0107<br>TEL: 022\/213-276 (104)<\/td><td class=\"has-text-align-center\" data-align=\"center\"><strong>REFERENT<\/strong><br>Sanja Lovri\u0107 Caparin<br>TEL: 022\/213-276<br><img loading=\"lazy\" width=\"151\" height=\"25\" class=\"wp-image-11964\" style=\"width: 134px;\" src=\"http:\/\/gav.hr\/wp-content\/uploads\/2023\/04\/referent.png\" alt=\"\" srcset=\"https:\/\/gav.hr\/wp-content\/uploads\/2023\/04\/referent.png 151w, https:\/\/gav.hr\/wp-content\/uploads\/2023\/04\/referent-144x25.png 144w\" sizes=\"(max-width: 151px) 100vw, 151px\" \/><\/td><\/tr><tr><td class=\"has-text-align-center\" data-align=\"center\"><strong>PEDAGOG<\/strong><br>Darka Antunac \u0160anti\u0107, prof.<br>TEL: 022\/213-276 (106)<br><img loading=\"lazy\" width=\"158\" height=\"23\" class=\"wp-image-11966\" style=\"width: 134px;\" src=\"http:\/\/gav.hr\/wp-content\/uploads\/2023\/04\/pedagog.png\" alt=\"\" srcset=\"https:\/\/gav.hr\/wp-content\/uploads\/2023\/04\/pedagog.png 158w, https:\/\/gav.hr\/wp-content\/uploads\/2023\/04\/pedagog-150x23.png 150w\" sizes=\"(max-width: 158px) 100vw, 158px\" \/><\/td><td class=\"has-text-align-center\" data-align=\"center\"><strong>PSIHOLOG<\/strong><br>Katarina Malenica, mag. psych.<br>TEL: 099\/287 31 99<br><img loading=\"lazy\" width=\"156\" height=\"24\" class=\"wp-image-11967\" style=\"width: 134px;\" src=\"http:\/\/gav.hr\/wp-content\/uploads\/2023\/04\/psiholog.png\" alt=\"\" srcset=\"https:\/\/gav.hr\/wp-content\/uploads\/2023\/04\/psiholog.png 156w, https:\/\/gav.hr\/wp-content\/uploads\/2023\/04\/psiholog-150x24.png 150w\" sizes=\"(max-width: 156px) 100vw, 156px\" \/><\/td><\/tr><tr><td class=\"has-text-align-center\" data-align=\"center\"><strong>VIJE\u0106E U\u010cENIKA<\/strong><br>&nbsp;Mate Mareti\u0107,&nbsp;4.cf<br><img loading=\"lazy\" width=\"183\" height=\"25\" class=\"wp-image-11968\" style=\"width: 134px;\" src=\"http:\/\/gav.hr\/wp-content\/uploads\/2023\/04\/vijece.png\" alt=\"\"><\/td><td class=\"has-text-align-center\" data-align=\"center\"><\/td><\/tr><\/tbody><\/table><\/figure>\n\n\n\n<h4 class=\"has-text-align-left\">Lokacija:<\/h4>\n\n\n\n<figure><iframe loading=\"lazy\" src=\"http:\/\/maps.google.com\/maps?f=d&amp;source=s_d&amp;saddr=&amp;daddr=43.736476,15.89933&amp;hl=hr&amp;geocode=&amp;sll=43.736135,15.900199&amp;sspn=0.005256,0.010664&amp;mra=mift&amp;mrsp=1&amp;sz=17&amp;ie=UTF8&amp;t=m&amp;ll=43.736127,15.900199&amp;spn=0.014884,0.027466&amp;z=15&amp;output=embed\" width=\"640\" height=\"480\"><\/iframe><\/figure>\n\n\n\n<p><\/p>\n\n\n\n<p><br><small><a href=\"http:\/\/maps.google.com\/maps?f=d&amp;source=embed&amp;saddr=&amp;daddr=43.736476,15.89933&amp;hl=hr&amp;geocode=&amp;sll=43.736135,15.900199&amp;sspn=0.005256,0.010664&amp;mra=mift&amp;mrsp=1&amp;sz=17&amp;ie=UTF8&amp;t=m&amp;ll=43.736127,15.900199&amp;spn=0.014884,0.027466&amp;z=15\">Prikaz ve\u0107e karte<\/a><\/small><\/p>\n","protected":false},"excerpt":{"rendered":"<p>Gimnazija Antuna Vran\u010di\u0107aPut Gimnazije 6422000 \u0160ibenik MATI\u010cNI BROJ : &nbsp; 3875903IBAN: HR1923900011500209483\u0160IFRA : 15-081-506OIB :&nbsp;26870999432 RAVNATELJIvan Kne\u017eevi\u0107, prof.TEL: 022\/216-420 TAJNI\u0160TVOMario Bo\u017eikov, dipl. iur.TEL: 022\/213-276 RA\u010cUNOVODSTVOKristina Bili\u0107TEL: 022\/213-276 (104) REFERENTSanja Lovri\u0107 CaparinTEL: 022\/213-276 PEDAGOGDarka Antunac \u0160anti\u0107, prof.TEL: 022\/213-276 (106) PSIHOLOGKatarina Malenica, mag. psych.TEL: 099\/287 31 99 VIJE\u0106E U\u010cENIKA&nbsp;Mate Mareti\u0107,&nbsp;4.cf Lokacija: Prikaz ve\u0107e karte<\/p>\n","protected":false},"author":2,"featured_media":0,"parent":0,"menu_order":0,"comment_status":"closed","ping_status":"closed","template":"","meta":{"ngg_post_thumbnail":0,"_links_to":"","_links_to_target":""},"_links":{"self":[{"href":"https:\/\/gav.hr\/index.php?rest_route=\/wp\/v2\/pages\/8325"}],"collection":[{"href":"https:\/\/gav.hr\/index.php?rest_route=\/wp\/v2\/pages"}],"about":[{"href":"https:\/\/gav.hr\/index.php?rest_route=\/wp\/v2\/types\/page"}],"author":[{"embeddable":true,"href":"https:\/\/gav.hr\/index.php?rest_route=\/wp\/v2\/users\/2"}],"replies":[{"embeddable":true,"href":"https:\/\/gav.hr\/index.php?rest_route=%2Fwp%2Fv2%2Fcomments&post=8325"}],"version-history":[{"count":24,"href":"https:\/\/gav.hr\/index.php?rest_route=\/wp\/v2\/pages\/8325\/revisions"}],"predecessor-version":[{"id":13721,"href":"https:\/\/gav.hr\/index.php?rest_route=\/wp\/v2\/pages\/8325\/revisions\/13721"}],"wp:attachment":[{"href":"https:\/\/gav.hr\/index.php?rest_route=%2Fwp%2Fv2%2Fmedia&parent=8325"}],"curies":[{"name":"wp","href":"https:\/\/api.w.org\/{rel}","templated":true}]}}

Opći podaci i kontakti

<p class="has-text-align-center has-normal-font-size"><span class="has-inline-color has-vivid-red-color">Gimnazija Antuna Vrančića</span><br>Put Gimnazije 64<br>22000 Šibenik</p>



<p class="has-text-align-center has-normal-font-size"><strong>MATIČNI BROJ : &nbsp;</strong> 3875903<br><strong>IBAN: </strong>HR1923900011500209483<br><strong>ŠIFRA :</strong> 15-081-506<br><strong>OIB :</strong>&nbsp;26870999432</p>



<div class="wp-block-image"><figure class="aligncenter size-full is-resized"><a href="http://gav.hr/wp-content/uploads/2023/04/gimnazija.png"><img loading="lazy" src="http://gav.hr/wp-content/uploads/2023/04/gimnazija.png" alt="" class="wp-image-11960" width="131" height="21"/></a></figure></div>



<figure class="wp-block-table is-style-stripes"><table class="has-fixed-layout"><tbody><tr><td class="has-text-align-center" data-align="center"><strong>RAVNATELJ</strong><br>Ivan Knežević, prof.<br>TEL: 022/216-420<br><img loading="lazy" width="159" height="22" class="wp-image-11961" style="width: 134px;" src="http://gav.hr/wp-content/uploads/2023/04/ravnatelj.png" alt="" srcset="https://gav.hr/wp-content/uploads/2023/04/ravnatelj.png 159w, https://gav.hr/wp-content/uploads/2023/04/ravnatelj-150x22.png 150w" sizes="(max-width: 159px) 100vw, 159px" /></td><td class="has-text-align-center" data-align="center"><strong>TAJNIŠTVO</strong><br>Mario Božikov, dipl. iur.<br>TEL: 022/213-276<br><img loading="lazy" width="168" height="20" class="wp-image-11962" style="width: 134px;" src="http://gav.hr/wp-content/uploads/2023/04/gimnazija2.png" alt=""></td></tr><tr><td class="has-text-align-center" data-align="center"><strong>RAČUNOVODSTVO</strong><br>Kristina Bilić<br>TEL: 022/213-276 (104)</td><td class="has-text-align-center" data-align="center"><strong>REFERENT</strong><br>Sanja Lovrić Caparin<br>TEL: 022/213-276<br><img loading="lazy" width="151" height="25" class="wp-image-11964" style="width: 134px;" src="http://gav.hr/wp-content/uploads/2023/04/referent.png" alt="" srcset="https://gav.hr/wp-content/uploads/2023/04/referent.png 151w, https://gav.hr/wp-content/uploads/2023/04/referent-144x25.png 144w" sizes="(max-width: 151px) 100vw, 151px" /></td></tr><tr><td class="has-text-align-center" data-align="center"><strong>PEDAGOG</strong><br>Darka Antunac Šantić, prof.<br>TEL: 022/213-276 (106)<br><img loading="lazy" width="158" height="23" class="wp-image-11966" style="width: 134px;" src="http://gav.hr/wp-content/uploads/2023/04/pedagog.png" alt="" srcset="https://gav.hr/wp-content/uploads/2023/04/pedagog.png 158w, https://gav.hr/wp-content/uploads/2023/04/pedagog-150x23.png 150w" sizes="(max-width: 158px) 100vw, 158px" /></td><td class="has-text-align-center" data-align="center"><strong>PSIHOLOG</strong><br>Katarina Malenica, mag. psych.<br>TEL: 099/287 31 99<br><img loading="lazy" width="156" height="24" class="wp-image-11967" style="width: 134px;" src="http://gav.hr/wp-content/uploads/2023/04/psiholog.png" alt="" srcset="https://gav.hr/wp-content/uploads/2023/04/psiholog.png 156w, https://gav.hr/wp-content/uploads/2023/04/psiholog-150x24.png 150w" sizes="(max-width: 156px) 100vw, 156px" /></td></tr><tr><td class="has-text-align-center" data-align="center"><strong>VIJEĆE UČENIKA</strong><br>&nbsp;Mate Maretić,&nbsp;4.cf<br><img loading="lazy" width="183" height="25" class="wp-image-11968" style="width: 134px;" src="http://gav.hr/wp-content/uploads/2023/04/vijece.png" alt=""></td><td class="has-text-align-center" data-align="center"></td></tr></tbody></table></figure>



<h4 class="has-text-align-left">Lokacija:</h4>



<figure><iframe loading="lazy" src="http://maps.google.com/maps?f=d&amp;source=s_d&amp;saddr=&amp;daddr=43.736476,15.89933&amp;hl=hr&amp;geocode=&amp;sll=43.736135,15.900199&amp;sspn=0.005256,0.010664&amp;mra=mift&amp;mrsp=1&amp;sz=17&amp;ie=UTF8&amp;t=m&amp;ll=43.736127,15.900199&amp;spn=0.014884,0.027466&amp;z=15&amp;output=embed" width="640" height="480"></iframe></figure>



<p></p>



<p><br><small><a href="http://maps.google.com/maps?f=d&amp;source=embed&amp;saddr=&amp;daddr=43.736476,15.89933&amp;hl=hr&amp;geocode=&amp;sll=43.736135,15.900199&amp;sspn=0.005256,0.010664&amp;mra=mift&amp;mrsp=1&amp;sz=17&amp;ie=UTF8&amp;t=m&amp;ll=43.736127,15.900199&amp;spn=0.014884,0.027466&amp;z=15">Prikaz veće karte</a></small></p>

<p>Gimnazija Antuna VrančićaPut Gimnazije 6422000 Šibenik MATIČNI BROJ : &nbsp; 3875903IBAN: HR1923900011500209483ŠIFRA : 15-081-506OIB :&nbsp;26870999432 RAVNATELJIvan Knežević, prof.TEL: 022/216-420 TAJNIŠTVOMario Božikov, dipl. iur.TEL: 022/213-276 RAČUNOVODSTVOKristina BilićTEL: 022/213-276 (104) REFERENTSanja Lovrić CaparinTEL: 022/213-276 PEDAGOGDarka Antunac Šantić, prof.TEL: 022/213-276 (106) PSIHOLOGKatarina Malenica, mag. psych.TEL: 099/287 31 99 VIJEĆE UČENIKA&nbsp;Mate Maretić,&nbsp;4.cf Lokacija: Prikaz veće karte</p>
