{"id":9070,"date":"2021-01-23T22:04:19","date_gmt":"2021-01-23T20:04:19","guid":{"rendered":"http:\/\/gav.hr\/?page_id=9070"},"modified":"2025-11-16T19:36:34","modified_gmt":"2025-11-16T17:36:34","slug":"javni-natjecaji","status":"publish","type":"page","link":"https:\/\/gav.hr\/?page_id=9070","title":{"rendered":"Javni natje\u010daji"},"content":{"rendered":"\n<p>14. studeni 2025. <a href=\"http:\/\/gav.hr\/wp-content\/uploads\/2025\/11\/Javni-natjecaj-najam-zakup-dvorane.pdf\">Javna natje\u010daj za davanje u najam\/zakup \u0161kolskog prostora (dvorane)<\/a><\/p>\n\n\n\n<p>17. srpnja 2025. <a href=\"http:\/\/gav.hr\/wp-content\/uploads\/2025\/07\/Odluka-o-davanju-prostora-na-privremeno-koristenje.pdf\">Odluka o davanju prostora na privremeno kori\u0161tenje<\/a><\/p>\n\n\n\n<p><a href=\"http:\/\/gav.hr\/wp-content\/uploads\/2025\/06\/Natjecaj-zakup-skolskog-prostora-aparati.pdf\">26.6.2025. Natje\u010daj za davanje u zakup dijela \u0161kolskog prostora<\/a><\/p>\n\n\n\n<p><a href=\"http:\/\/gav.hr\/wp-content\/uploads\/2024\/05\/Obavijest-o-odabiru-ponude-1.-2024..pdf\">Obavijest o odabiru najpovoljnije ponude &#8211; Javni poziv 1.\/2024.<\/a><\/p>\n\n\n\n<p><a href=\"http:\/\/gav.hr\/wp-content\/uploads\/2024\/05\/Obavijest-o-odabiru-ponude-2.-2024..pdf\">Obavijest o odabiru najpovoljnije ponude &#8211; Javni poziv 2.\/2024<\/a>.<\/p>\n\n\n\n<p><a href=\"http:\/\/gav.hr\/wp-content\/uploads\/2024\/05\/Odluka-o-odabiru-najpovoljnije-ponude.pdf\"><strong>13.5. Odluka o odabiru najpovoljnije ponude<\/strong><\/a><\/p>\n\n\n\n<p><strong>22.4. <a href=\"http:\/\/gav.hr\/wp-content\/uploads\/2024\/04\/Natjecaj-za-davanje-u-zakup-dijela-skolskog-prostora-usluzni-aparati-za-bezalkoholne-tople-napitke-1.pdf\">Natje\u010daj za davanje u zakup dijela \u0161kolskog prostora<\/a><\/strong><\/p>\n\n\n\n<p><strong>11.1.2023. <a href=\"http:\/\/gav.hr\/wp-content\/uploads\/2023\/01\/Natjecaj-najam-dvorana-2023..pdf\">Javni natje\u010daj za najam dvije \u0161kolske dvorane<\/a><\/strong><\/p>\n\n\n\n<p>2.12.2022. <a href=\"http:\/\/gav.hr\/wp-content\/uploads\/2022\/12\/Dvorana-ponistenje-i-objava-novog-natjecaja.pdf\">Poni\u0161tenje i objava novog natje\u010daja za najam \u0161kolske dvorane<\/a><br> <a href=\"http:\/\/gav.hr\/wp-content\/uploads\/2022\/12\/Javni-natjecaj-najam-dvorane-2.12.2022..pdf\">Javni natje\u010daj za zakup\/najam dvije \u0161kolske sportske dvorane za 2023. godinu <\/a><br>&#8211; <a href=\"http:\/\/gav.hr\/wp-content\/uploads\/2022\/11\/Obrazac-prijave-1.docx\">obrazac prijave<\/a> (.docx)<br>&#8211; <a href=\"http:\/\/gav.hr\/wp-content\/uploads\/2022\/11\/Obrazac-prijave.pdf\">obrazac prijave<\/a> (.pdf)<\/p>\n\n\n\n<p>7. 6. 2022. <a href=\"http:\/\/gav.hr\/wp-content\/uploads\/2022\/06\/Obavijest-o-odabiru-najpovoljnije-ponude-JN-2.2022..pdf\">Obavijest o odabiru najpovoljnije ponude za nabavu ra\u010dunalne opreme<\/a><br>                  <a href=\"http:\/\/gav.hr\/wp-content\/uploads\/2022\/06\/Zapisnik-o-pregledu-i-ocjeni-ponuda-JN-2.2022..pdf\"> Zapisnik o pregledu i ocjeni ponuda<\/a><\/p>\n\n\n\n<p class=\"has-normal-font-size\">30.6.2021. &#8211; <a href=\"http:\/\/gav.hr\/wp-content\/uploads\/2021\/06\/Javni-natje\u010daj-za-zakupnajam-termina-dvije-\u0161kolske-sportske-dvorane-u-\u0161k.-god.-2021.2022..pdf\">Natje\u010daj za zakup\/najam termina dvije \u0161kolske sportske dvorane u \u0161k. god. 2021.\/2022.<\/a><\/p>\n\n\n\n<ul><li><a href=\"http:\/\/gav.hr\/wp-content\/uploads\/2021\/06\/Obrazac-prijave-iznajmljivanja-sportske-dvorane.docx\">Obrazac prijave iznajmljivanja sportske dvorane<\/a><\/li><\/ul>\n\n\n\n<p class=\"has-normal-font-size\">29. o\u017eujka 2021. &#8211; <a href=\"http:\/\/gav.hr\/wp-content\/uploads\/2021\/03\/Natje\u010daj-za-davanje-u-zakup-dijela-\u0161kolskog-prostora.pdf\">Natje\u010daj za davanje u zakup dijela \u0161kolskog prostora<\/a><\/p>\n\n\n\n<p class=\"has-normal-font-size\">16. velja\u010de 2021. &#8211; <a href=\"http:\/\/gav.hr\/wp-content\/uploads\/2021\/02\/Odluka-o-odabiru-najpovoljnije-ponude.pdf\">Odluka o odabiru najpovoljnije ponude<\/a><\/p>\n\n\n\n<p class=\"has-normal-font-size\">1. velja\u010de 2021. &#8211; <a href=\"http:\/\/gav.hr\/wp-content\/uploads\/2021\/02\/Obavijest-javno-otvaranje-ponuda.pdf\">Obavijest o javnom otvaranju ponuda<\/a><br><br>21. sije\u010dnja 2021. &#8211; <a href=\"http:\/\/gav.hr\/wp-content\/uploads\/2021\/01\/Natje\u010daj-zakup-\u0161kolskog-prostora.pdf\">Natje\u010daj za davanje u zakup dijela \u0161kolskog prostora<\/a><\/p>\n\n\n\n<p><\/p>\n","protected":false},"excerpt":{"rendered":"<p>14. studeni 2025. Javna natje\u010daj za davanje u najam\/zakup \u0161kolskog prostora (dvorane) 17. srpnja 2025. Odluka o davanju prostora na privremeno kori\u0161tenje 26.6.2025. Natje\u010daj za davanje u zakup dijela \u0161kolskog prostora Obavijest o odabiru najpovoljnije ponude &#8211; Javni poziv 1.\/2024. Obavijest o odabiru najpovoljnije ponude &#8211; Javni poziv 2.\/2024. 13.5. Odluka o odabiru najpovoljnije ponude&hellip;<\/p>\n","protected":false},"author":2,"featured_media":0,"parent":0,"menu_order":0,"comment_status":"closed","ping_status":"closed","template":"","meta":{"ngg_post_thumbnail":0,"_links_to":"","_links_to_target":""},"_links":{"self":[{"href":"https:\/\/gav.hr\/index.php?rest_route=\/wp\/v2\/pages\/9070"}],"collection":[{"href":"https:\/\/gav.hr\/index.php?rest_route=\/wp\/v2\/pages"}],"about":[{"href":"https:\/\/gav.hr\/index.php?rest_route=\/wp\/v2\/types\/page"}],"author":[{"embeddable":true,"href":"https:\/\/gav.hr\/index.php?rest_route=\/wp\/v2\/users\/2"}],"replies":[{"embeddable":true,"href":"https:\/\/gav.hr\/index.php?rest_route=%2Fwp%2Fv2%2Fcomments&post=9070"}],"version-history":[{"count":23,"href":"https:\/\/gav.hr\/index.php?rest_route=\/wp\/v2\/pages\/9070\/revisions"}],"predecessor-version":[{"id":13633,"href":"https:\/\/gav.hr\/index.php?rest_route=\/wp\/v2\/pages\/9070\/revisions\/13633"}],"wp:attachment":[{"href":"https:\/\/gav.hr\/index.php?rest_route=%2Fwp%2Fv2%2Fmedia&parent=9070"}],"curies":[{"name":"wp","href":"https:\/\/api.w.org\/{rel}","templated":true}]}}