{"id":9149,"date":"2021-03-25T17:39:26","date_gmt":"2021-03-25T15:39:26","guid":{"rendered":"http:\/\/gav.hr\/?page_id=9149"},"modified":"2025-04-04T17:41:03","modified_gmt":"2025-04-04T15:41:03","slug":"izbori-za-clanove-s-o","status":"publish","type":"page","link":"https:\/\/gav.hr\/?page_id=9149","title":{"rendered":"Izbori za \u010dlanove \u0160.O"},"content":{"rendered":"\n<p><a href=\"http:\/\/gav.hr\/wp-content\/uploads\/2025\/04\/Odluka-o-provodenju-izbora-predstavnika-radnika-u-Skolski-odbor-2-1.pdf\">3. travnja 2025. &#8211; Odluka o provo\u0111enju izbora predstavnika radnika u \u0160kolski odbor<\/a><\/p>\n\n\n\n<p>23.3.2021. &#8211; <a href=\"http:\/\/gav.hr\/wp-content\/uploads\/2021\/03\/Poziv-na-skup-radnika.pdf\">Poziv na skup radnika<\/a><\/p>\n\n\n\n<p>22.3.2021. &#8211; <a href=\"http:\/\/gav.hr\/wp-content\/uploads\/2021\/03\/Prijedlog-za-izbor-predstavika-radnika-u-\u0160kolski-odbor.pdf\">Prijedlog za izbor Predstavnika radnika u \u0160kolski odbor<\/a><\/p>\n","protected":false},"excerpt":{"rendered":"<p>3. travnja 2025. &#8211; Odluka o provo\u0111enju izbora predstavnika radnika u \u0160kolski odbor 23.3.2021. &#8211; Poziv na skup radnika 22.3.2021. &#8211; Prijedlog za izbor Predstavnika radnika u \u0160kolski odbor<\/p>\n","protected":false},"author":2,"featured_media":0,"parent":0,"menu_order":0,"comment_status":"closed","ping_status":"closed","template":"","meta":{"ngg_post_thumbnail":0,"_links_to":"","_links_to_target":""},"_links":{"self":[{"href":"https:\/\/gav.hr\/index.php?rest_route=\/wp\/v2\/pages\/9149"}],"collection":[{"href":"https:\/\/gav.hr\/index.php?rest_route=\/wp\/v2\/pages"}],"about":[{"href":"https:\/\/gav.hr\/index.php?rest_route=\/wp\/v2\/types\/page"}],"author":[{"embeddable":true,"href":"https:\/\/gav.hr\/index.php?rest_route=\/wp\/v2\/users\/2"}],"replies":[{"embeddable":true,"href":"https:\/\/gav.hr\/index.php?rest_route=%2Fwp%2Fv2%2Fcomments&post=9149"}],"version-history":[{"count":5,"href":"https:\/\/gav.hr\/index.php?rest_route=\/wp\/v2\/pages\/9149\/revisions"}],"predecessor-version":[{"id":13263,"href":"https:\/\/gav.hr\/index.php?rest_route=\/wp\/v2\/pages\/9149\/revisions\/13263"}],"wp:attachment":[{"href":"https:\/\/gav.hr\/index.php?rest_route=%2Fwp%2Fv2%2Fmedia&parent=9149"}],"curies":[{"name":"wp","href":"https:\/\/api.w.org\/{rel}","templated":true}]}}

Izbori za članove Š.O

<p><a href="http://gav.hr/wp-content/uploads/2025/04/Odluka-o-provodenju-izbora-predstavnika-radnika-u-Skolski-odbor-2-1.pdf">3. travnja 2025. &#8211; Odluka o provođenju izbora predstavnika radnika u Školski odbor</a></p>



<p>23.3.2021. &#8211; <a href="http://gav.hr/wp-content/uploads/2021/03/Poziv-na-skup-radnika.pdf">Poziv na skup radnika</a></p>



<p>22.3.2021. &#8211; <a href="http://gav.hr/wp-content/uploads/2021/03/Prijedlog-za-izbor-predstavika-radnika-u-Školski-odbor.pdf">Prijedlog za izbor Predstavnika radnika u Školski odbor</a></p>

<p>3. travnja 2025. &#8211; Odluka o provođenju izbora predstavnika radnika u Školski odbor 23.3.2021. &#8211; Poziv na skup radnika 22.3.2021. &#8211; Prijedlog za izbor Predstavnika radnika u Školski odbor</p>
